hat is the remainder when 80 is divided by k?
26
Let b(r) = r**2 + 14*r - 12. Calculate the remainder when 8 is divided by b(-15).
2
Let y(s) = 3*s**2 + 3*s - 3. Let g = 1 - -7. Suppose 0 = 3*z - g*n + 4*n - 103, 0 = 3*n + 12. What is the remainder when z is divided by y(2)?
14
Let v = 0 - -44. Suppose -2*t - 14 = -v. What is the remainder when 28 is divided by t?
13
Let j(y) = 2*y**3 + y**2 - y + 1. Let s be j(1). Suppose -3*n = -s*a + 36 + 18, 2*n + 17 = a. Calculate the remainder when a is divided by 8.
3
Let v = -1 + 9. What is the remainder when 36 is divided by v?
4
Suppose 0 = 2*n - 5 - 1. Suppose 0 = -n*v + v + 24. What is the remainder when 34 is divided by v?
10
Let j(b) = -4*b + 19. Calculate the remainder when j(0) is divided by 11.
8
Let q = 61 + -28. Calculate the remainder when q is divided by 12.
9
Let f(s) = -s + 10. Let q be f(8). Suppose -4*v = q*h - 2, 0 = -0*h + 4*h - 2*v - 34. Calculate the remainder when h is divided by 2.
1
Let i = -3 + 3. Suppose 3*j - 3*b = 162, -4*b + 29 - 9 = i. Let o = -34 + j. Calculate the remainder when o is divided by 9.
7
Let b(o) = -3*o - 1. Let n be b(-15). Let v = 99 - n. Calculate the remainder when v is divided by 14.
13
Let p(x) = -11*x - 79. Calculate the remainder when 61 is divided by p(-10).
30
Suppose 3*f = -3*f + 30. Calculate the remainder when 10 is divided by f.
0
Suppose -d + 11 = 3*x + 2, -5*d = -2*x + 23. Let y(b) = b + 2. Let n be y(0). Calculate the remainder when 17 is divided by (d + n - -6) + 1.
5
Let h(j) = 11*j - 6. Calculate the remainder when h(2) is divided by 5.
1
Let x(g) = 9 - g**2 - 3 - 5*g + 0. Calculate the remainder when 16 is divided by x(-5).
4
Let x(h) = -h - 5. Let u be (18/15)/(2/10). Let g = u + -2. What is the remainder when x(-16) is divided by g?
3
Let g = 2 - 4. Let r(o) = -2*o**3 + 2*o + 3. Let w be r(g). Calculate the remainder when (w/4)/((-15)/(-200)) is divided by 17.
16
Suppose 3*r + z - 2 = -4*z, -z + 13 = 2*r. What is the remainder when r is divided by 4?
1
Let n = -11 - -19. Let l = 3 + n. What is the remainder when 52 is divided by l?
8
Suppose 39 - 147 = -l. Calculate the remainder when l is divided by 37.
34
Suppose 3*p + 2*t - 23 = 0, -t + 10 - 37 = -4*p. Let f(x) = -x**2 + 13*x - 40. What is the remainder when p is divided by f(6)?
1
Let o = 119 + -69. What is the remainder when o is divided by 13?
11
Suppose 5*z + 102 + 23 = 0. Suppose 5*n - 9 = -84. Let m = n - z. Calculate the remainder when m is divided by 6.
4
Suppose -2*o = -8 - 2. Suppose -5*d - o*k = -480, 5*k - 76 = -d - 0*k. What is the remainder when d is divided by 26?
23
Suppose -28*l + 30*l - 18 = 0. What is the remainder when l is divided by 7?
2
Suppose -4*u - 3*v + 61 = 0, u - 3*u + 5*v + 63 = 0. Calculate the remainder when ((-18)/27)/(2/(-165)) is divided by u.
17
Suppose 5*z - 25 - 3 = -q, -5*z = -q - 12. What is the remainder when 20 is divided by q?
4
Suppose 2*p + 2*u + 9 - 45 = 0, -52 = -3*p - 5*u. What is the remainder when 34 is divided by p?
15
Suppose -14 = -5*r + 11, 77 = 3*a - 5*r. Let v(p) = p**2 + 3*p - 1. What is the remainder when a is divided by v(2)?
7
Suppose 0*g - 25 = -5*g. Let y be (117/12)/(3/12). Calculate the remainder when (y/(-6))/(4/(-8)) is divided by g.
3
Let h be (-2)/(-5) - (-1404)/(-10). Let m be (2 + -5)*h/6. Suppose b - 3*b + m = 0. Calculate the remainder when b is divided by 18.
17
Suppose -5*o + 108 = m + 3*m, 2*o - 2*m = 54. Let k = o + -40. Let j = 31 + k. Calculate the remainder when 28 is divided by j.
13
Let z(s) = -17*s**3 + 3 + 5*s**3 - 2. Calculate the remainder when 37 is divided by z(-1).
11
Let d(r) = -4*r**3 + r**2 - r - 1. Let s = 2 + -2. Suppose s = y + 4 - 12. Calculate the remainder when y is divided by d(-1).
3
Let n = -3 - -4. Let d be (-3)/(-6)*0/1. Suppose 2*x + 10 - 14 = d. What is the remainder when x is divided by n?
0
Let u(t) = -25*t - 5. What is the remainder when 89 is divided by u(-2)?
44
Let r(l) = l**2 + 13*l + 47. Calculate the remainder when r(-8) is divided by 5.
2
Let c(v) = 14*v**3 - v + 1. What is the remainder when (0 + -1)*1*-27 is divided by c(1)?
13
What is the remainder when (-4)/(-10) + (-4836)/(-60) is divided by 7?
4
Suppose -20 = 4*y - 4*h, 15 = -5*y - 4*h + 35. Let c(w) = 0 - 9 - 5*w + 8*w**2 + y*w**2 - 7*w**2. Calculate the remainder when 12 is divided by c(7).
2
Suppose 2*d - 4*g = 4*d - 24, -g = d - 7. Suppose -d*z - 4*h = -44, 5*z + h - 5*h = 110. What is the remainder when 84 is divided by z?
18
Let n(i) = -2*i**3 - 2*i**2 - 3*i + 2. What is the remainder when n(-4) is divided by 28?
26
Suppose 228 - 44 = 8*i. What is the remainder when i is divided by 8?
7
What is the remainder when 13 is divided by 42/10 + 3/(-15)?
1
Let a = 30 - 11. What is the remainder when a is divided by 8?
3
Let d = -10 - -23. Calculate the remainder when 64 is divided by d.
12
Suppose 0 = 5*x + 126 - 316. Calculate the remainder when x is divided by (-2 - 9/(-3))*13.
12
Let i = 13 + -6. Calculate the remainder when 12 is divided by i.
5
Let u = -45 - -67. Let k = -48 + 53. Calculate the remainder when u is divided by k.
2
Suppose 3*v + 6 = 36. Calculate the remainder when 35 is divided by v.
5
Suppose -w - 2*x - 43 = 0, -12 + 152 = -3*w + 5*x. Let f = w - -68. Calculate the remainder when f is divided by 8.
7
Let q(x) = -75*x**3 + x**2 - x - 1. Let i be q(-1). Let f = i + -50. What is the remainder when f is divided by 7?
5
Let b(s) = -6*s + 2. Suppose 4*j = 3*j - 8. What is the remainder when b(j) is divided by 17?
16
Let j = 0 - -1. Let s be 4 - 1 - j*3. Suppose s = 3*q + q - 8. Calculate the remainder when 2 is divided by q.
0
Let s = -275 + 390. Suppose 0 = -7*c + 2*c + s. What is the remainder when 89 is divided by c?
20
Let l be (-2)/7 - 345/(-7). Suppose 2*y = -4*s + 110, s - l = 3*y - 228. Suppose -2*g = -y + 15. What is the remainder when 43 is divided by g?
21
Let j(k) = k**3 + 20*k**2 - 3*k + 1. What is the remainder when j(-20) is divided by 8?
5
Let z = -36 - -21. What is the remainder when (-68)/6*z/10 is divided by 9?
8
Let m = -7 - -12. Suppose 410 = m*u + 150. What is the remainder when u is divided by 18?
16
Suppose 1 = 5*q - 4. Let c(g) = -11*g - 3. Let x(m) = -23*m - 7. Let f(a) = -9*c(a) + 4*x(a). What is the remainder when 16 is divided by f(q)?
4
Calculate the remainder when 20 is divided by (4/6)/((-24)/(-396)).
9
Suppose -21 = -3*p - 6. Let d(q) = 2*q**2 - 96*q + 101. What is the remainder when d(47) is divided by p?
2
Let q(h) = h**3 - 6*h**2 - 6*h - 4. What is the remainder when 9 is divided by q(7)?
0
What is the remainder when (12/(-40)*-12)/((-6)/(-135)) is divided by 41?
40
Let o = -14 - -17. Suppose 64 = 7*h - o*h. Calculate the remainder when h is divided by 16/2 - (0 + -1).
7
Let g = -37 - -70. Calculate the remainder when g is divided by 12.
9
Let l(q) = -q + 2. Calculate the remainder when l(-7) is divided by 4.
1
Suppose 0 = -5*b - 34 - 1. Let h(a) = -3*a - 12. Calculate the remainder when 17 is divided by h(b).
8
Suppose 73 = 3*z - 17. Let b be (-2)/6 - (-10)/3. Suppose 0 = 3*q - z + b. Calculate the remainder when 25 is divided by q.
7
Let g = 42 - 76. Let c = g + 57. Calculate the remainder when c is divided by 12.
11
Let j(h) = -2*h - 12. Calculate the remainder when 124 is divided by j(-19).
20
Let j = -5 + 8. Suppose w + 0*w = 3. Suppose -w*y + 25 = 1. What is the remainder when y is divided by j?
2
Suppose -2*z - 4 = -12. What is the remainder when 21 is divided by z?
1
Let q = -29 - -33. Let s(u) = 7*u - 2. What is the remainder when s(q) is divided by 15?
11
Suppose 28 - 8 = 2*p. Let o(c) = 37*c**3 - 2*c**2 - 2*c + 3. What is the remainder when o(1) is divided by p?
6
Let c = -453 - -472. Suppose 0*k = 2*k - 72. What is the remainder when k is divided by c?
17
Let q be 5*-4*(-2)/20. Let j(r) = -35*r**3 + 2*r**2 - r - 2. What is the remainder when j(-1) is divided by -3 + 1 - (-30)/q?
10
Let v = -35 + 70. Calculate the remainder when v is divided by (-94)/(-8) + 4/16.
11
Suppose -k - 40 = -3*q, 2*q - 2*k = -0*k + 24. Suppose -8*o + 246 - 38 = 0. Calculate the remainder when o is divided by q.
12
Calculate the remainder when 12 is divided by 2/(-4) + 299/26.
1
Suppose 49 = 3*m - 26. Suppose 2*h = h + 9. Calculate the remainder when m is divided by h.
7
Let 